*f = -0*f - 130. What are the prime factors of f?
2, 13
Suppose -2*z = 3*l + 24, -z + 5*l = z - 8. Let x = z + 9. Suppose -i + 2*c + 18 = x*c, -3*c = -4*i + 37. What are the prime factors of i?
13
Let w(n) = -2*n + 0*n + n**2 + 3*n - 7 - 4*n. Let o be w(5). What are the prime factors of 9/(o - 6/4)?
2, 3
Let z = -23 - -20. Let q(n) = -3*n + 1. What are the prime factors of q(z)?
2, 5
Suppose -5*w = 5*x - 0*x + 25, 2*w - 3*x = -10. Let h = w - -21. What are the prime factors of h?
2
Suppose p + 5 = 0, -3*p - 29 = 3*h - 5. Let i be ((-8)/h)/(2/(-18)). Let b = i - -36. What are the prime factors of b?
2, 3
Let c = 10 + -7. Suppose 3*r + 2*m - 5*m - 18 = 0, -2*r - 3*m = -12. Suppose c*i + 12 = r*i. What are the prime factors of i?
2
Suppose y - m = 2*m + 36, 2*y = 2*m + 88. Suppose 48 = 3*i - y. What are the prime factors of i?
2
Let y = 12 - 4. Suppose -y*h + 21 = -7*h. What are the prime factors of h?
3, 7
Let t(l) be the first derivative of -l**2 - 2*l - 2. Suppose 4*i - 2 - 14 = 0, -3*i + 37 = -5*p. What are the prime factors of t(p)?
2
Let p(a) = -a**2 - 2*a + 3. Let v be ((-6)/(-4))/((-2)/4). Let y be p(v). Suppose -2*m + 2 = y, 8*m = s + 4*m - 3. What are the prime factors of s?
7
Suppose -5*o + 19 = -1, 0 = -3*n + 3*o - 84. Let r = 34 + n. List the prime factors of r.
2, 5
Suppose -x + 4*b = -95, -3*x - 5*b = -2*x - 122. What are the prime factors of x?
107
Let z = 0 - -1. Suppose 4*w - 25 + z = 0. List the prime factors of w.
2, 3
Let i = 7 - -45. What are the prime factors of i?
2, 13
Suppose -d + 5*x = -3*d + 20, 3*d - 4 = -x. Suppose -5 = 5*a - d. Let v(z) = 13*z**2 - 1. List the prime factors of v(a).
2, 3
Let t(i) = 3*i + 2*i - 2*i - 7 - i. What are the prime factors of t(5)?
3
Suppose 6 + 4 = 2*i. Suppose -m = -3*a - 0 - 6, 27 = -i*a - 4*m. Let t(y) = -3*y - 3. List the prime factors of t(a).
2, 3
Suppose 5*y = 2*r - 123, -5*r = y + 3*y - 291. List the prime factors of r.
59
Let p(d) = -d + 7. Let g be p(5). Suppose -7 = 5*b + g*x, -4*b = -3*x - 1 + 2. List the prime factors of ((-2)/(-2)*-11)/b.
11
Suppose -3*m = 3*m - 90. List the prime factors of m.
3, 5
Suppose -13 = -4*j + 23. List the prime factors of j.
3
Suppose 5*b = -5*q + 45, 1 = -b - 0*b + q. Suppose -b*m + 4*g + 76 = -0*m, 5*m = -g + 113. List the prime factors of m.
2, 11
Let v(s) = s**3 + 5*s**2 - 2*s - 5. Let l be (1 + -3)/(2/(-4)). Let i be l/14 + 148/(-28). What are the prime factors of v(i)?
5
Let b(d) = -d. Suppose q + 2 = 0, -q = 4*i - 2*q - 162. Suppose i = -3*g - 2*g. List the prime factors of b(g).
2
Suppose 2*c + 4 = 56. List the prime factors of c.
2, 13
Let q = 1 - -7. What are the prime factors of q?
2
Let y(w) = -w - 5. Let n be y(-5). Suppose k - f - 12 = 0, -k - f = -4 - n. What are the prime factors of k?
2
Let q(z) = 3*z - 4. Suppose 2*c + 11 + 1 = 2*r, -18 = -4*r + 2*c. Let s(t) = 4*t - 4. Let a(w) = r*q(w) - 2*s(w). What are the prime factors of a(7)?
3
Let a(m) = 2*m + 2. Let c be a(3). Let t = c - 1. Suppose 3*w = t + 11. List the prime factors of w.
2, 3
Let q = 76 + -34. What are the prime factors of q?
2, 3, 7
Let d = 283 + -135. What are the prime factors of d?
2, 37
Suppose -7*w = -100 - 369. What are the prime factors of w?
67
Let g(p) = -p**2 - 13*p + 8. List the prime factors of g(-9).
2, 11
Let p(y) = -5*y + 15. What are the prime factors of p(-15)?
2, 3, 5
Suppose 0 = -2*f - 3*f. Suppose f*x + x - 5 = 0. List the prime factors of x.
5
Suppose 5*i - 5*n = 1415, 4*i + 5*n = 4*n + 1132. List the prime factors of i.
283
Let o = 317 - 202. Let k = -81 + o. List the prime factors of k.
2, 17
List the prime factors of (-76)/(-6)*2*(-60)/(-8).
2, 5, 19
Let w be -1 + 4 + (1 - 1). List the prime factors of w + 3 + 2 + -2.
2, 3
Suppose -3*q = -0*q - 6. What are the prime factors of (-2)/q + 9*2?
17
List the prime factors of 2 + 13 + -3 + 4.
2
Suppose -16*n + 19*n - 69 = 0. List the prime factors of n.
23
Let a(v) = v**2 + 13*v + 16. Let q be a(-12). What are the prime factors of (7/q)/(3/12)?
7
List the prime factors of (-6)/(-15) - (-33)/5.
7
Suppose -2*p - 5*f + 24 = 0, -4*p - p + 5*f = 10. Suppose -4*q = -30 - p. What are the prime factors of q?
2
Let c(b) = -b**2 + 9*b. List the prime factors of c(4).
2, 5
Suppose 50 = -2*j - 5*x, 0*j = j + 5*x + 30. What are the prime factors of (2/1)/((-8)/j)?
5
List the prime factors of 73/6 - (-11)/(-66).
2, 3
Let i(m) = m**2 + m - 2. Let t be i(0). Let x be 3/(2 - (-1)/t). Suppose u - 3*u = -h - 26, -x*u + 34 = -3*h. What are the prime factors of u?
11
Suppose -27 + 9 = -3*l. List the prime factors of (-19 - -1)*(-4)/l.
2, 3
Let z = 10 + -5. Suppose z*b - b = 5*u - 6, -5*b = -5. Let y = u + 2. List the prime factors of y.
2
Let u(a) = 20*a**3 + a. Let j be (-8)/28 - 9/(-7). What are the prime factors of u(j)?
3, 7
Suppose 0*j + 39 = -j. Let z = 56 + j. What are the prime factors of z?
17
Let f(q) = -q**3 - 8*q**2 - 4*q - 3. What are the prime factors of f(-8)?
29
What are the prime factors of (-130)/5*(-27)/6?
3, 13
Suppose 0 = -0*g - g + 4. Suppose 0 = g*h + 9 - 37. List the prime factors of h.
7
Let y(b) = -5*b + 10. List the prime factors of y(-3).
5
Let n be ((-10)/(-6))/(1/(-3)). Let w(m) = m + 5. Let u be w(n). Suppose 3*s + 0 - 24 = u. What are the prime factors of s?
2
Suppose -3 - 5 = -2*t. Suppose -t*j - 4 = -2*l, j - 54 = 2*l - 7*l. List the prime factors of l.
2, 5
Let z = 55 + -17. Let d = z + -26. What are the prime factors of d?
2, 3
Suppose -7*v + 8 = -3*v. Let y = -20 + 24. Suppose v*w + 76 = y*s, -2*s - 3 + 37 = -2*w. List the prime factors of s.
3, 7
Let r(g) = g + 10. Let b be r(-6). Suppose 0 = -5*v - b*i + 3*i + 45, 2*v - i = 18. What are the prime factors of v?
3
Suppose -7*p - 5*p = -2100. What are the prime factors of p?
5, 7
Let t = -21 - -33. List the prime factors of t.
2, 3
Let y(f) = -4*f**3 + 3*f**2 - f + 2. Let z be y(3). What are the prime factors of (z/5)/(6/(-15))?
41
Let y be 3/4*(0 + 4). Let q = -6 + 7. Suppose y*a - 32 - q = 0. What are the prime factors of a?
11
Suppose 4*x = 12*x - 128. What are the prime factors of x?
2
Suppose 0*x = -5*x + 10. Suppose w = y - 8 - 5, 33 = 2*y + 5*w. Suppose q = -v, -4*v + q = -x*q - y. What are the prime factors of v?
2
Let v(x) be the second derivative of -x**3/3 - 9*x**2 + 5*x. List the prime factors of v(-12).
2, 3
Suppose -4*t + 1182 = 238. What are the prime factors of t?
2, 59
Suppose -3*r - 3*t = -27, -4*r + 0*t = t - 45. What are the prime factors of r?
2, 3
Let d be 4/(-8)*(1 - -17). Let l = d + 9. What are the prime factors of (l - -9) + 3 - 1?
11
Suppose 7*k = 3*k - 12. What are the prime factors of 7/1 + (k - -1)?
5
Suppose -n = -1 - 1. List the prime factors of n*(2 - -2 - -1).
2, 5
List the prime factors of 508/17 - (-14)/119.
2, 3, 5
What are the prime factors of (-16 - -1)*(2 - (6 + -3))?
3, 5
Suppose 0 = 4*p - 5*b - 89, -3*p = -4*p - b + 29. Let k be (-4)/(16/p)*-4. Suppose 0 = -3*h - 2*d + k, 4*d - 40 = -2*h - 2*h. What are the prime factors of h?
2, 3
List the prime factors of (124/8 + 0)*10.
5, 31
Suppose -3*o = -0*w - 4*w + 4, 24 = -4*o - 4*w. Let q = o - -9. Suppose -2*s + 1 + q = 0. List the prime factors of s.
3
Suppose -6*n = -3*c - 3*n + 417, -c - 4*n = -139. What are the prime factors of c?
139
Let t be 204 + -1 - (-3 - -6). Suppose -5*u + t = 5*q, 3*q - 2*u = -q + 160. Suppose -f - 4*f + q = 0. List the prime factors of f.
2
Let b = -44 - -106. List the prime factors of b.
2, 31
List the prime factors of -1 - -68 - 6/(-2).
2, 5, 7
Let r(m) = -m. Let c be r(-8). What are the prime factors of 102/24 - 2/c?
2
Suppose 7 - 1 = 5*m - t, -5*t = -2*m - 16. Let b = m + 7. Suppose -2*s + 0*w + 3*w = -15, -2*s + 5*w = -b. List the prime factors of s.
2, 3
Let a be 0/3*3/9. Suppose -2*s - 2*s + 20 = a. Suppose 0 = 4*t - s*t + 7. What are the prime factors of t?
7
Let k = 55 - 3. Suppose 119 = 5*z + 2*b, -z - z - 3*b = -k. List the prime factors of z.
23
Suppose o - 2*f = -3*f - 19, 4*f + 92 = -5*o. Let b = -13 - o. List the prime factors of b.
3
Let v(c) = -c**2 + 8*c + 172. List the prime factors of v(0).
2, 43
Let i(t) = t**3 - 6*t**2 + 3*t + 2. Let b be i(7). Suppose -3*p + 0*p = -b. What are the prime factors of p?
2, 3
Suppose o - 14 = 175. List the prime factors of o.
3, 7
Suppose -5*g - 35 = -2*k, -g - 4